1005221.
7, 163, 881
List the prime factors of 12476431.
11, 97, 1063
List the prime factors of 1286088.
2, 3, 41, 1307
What are the prime factors of 202927?
307, 661
List the prime factors of 948488.
2, 53, 2237
List the prime factors of 28979.
28979
List the prime factors of 9150458.
2, 23, 67, 2969
What are the prime factors of 29497974?
2, 3, 11, 107, 4177
What are the prime factors of 241983?
3, 7, 23, 167
What are the prime factors of 2324354?
2, 127, 9151
List the prime factors of 6655266.
2, 3, 31, 11927
What are the prime factors of 16751693?
7, 47, 59, 863
What are the prime factors of 472846?
2, 11, 21493
What are the prime factors of 305494?
2, 7, 21821
List the prime factors of 168601.
168601
List the prime factors of 57284.
2, 14321
What are the prime factors of 2390286?
2, 3, 31, 71, 181
What are the prime factors of 10301457?
3, 3433819
What are the prime factors of 248877?
3, 27653
List the prime factors of 209325.
3, 5, 2791
List the prime factors of 349717.
349717
List the prime factors of 851618.
2, 19, 73, 307
What are the prime factors of 30328?
2, 17, 223
List the prime factors of 108438.
2, 3, 11, 31, 53
What are the prime factors of 837844?
2, 7, 23, 1301
What are the prime factors of 306347?
306347
List the prime factors of 950891.
97, 9803
What are the prime factors of 240301?
41, 5861
List the prime factors of 3011559.
3, 79, 97, 131
What are the prime factors of 1773220?
2, 5, 88661
List the prime factors of 4504579.
31, 331, 439
What are the prime factors of 213713?
213713
What are the prime factors of 6259325?
5, 109, 2297
What are the prime factors of 1436458?
2, 43, 16703
List the prime factors of 258592.
2, 8081
List the prime factors of 1101644.
2, 193, 1427
List the prime factors of 192069.
3, 21341
What are the prime factors of 34015386?
2, 3, 101, 56131
What are the prime factors of 115031?
7, 16433
List the prime factors of 1321104.
2, 3, 17, 1619
List the prime factors of 3628139.
503, 7213
List the prime factors of 21502678.
2, 2749, 3911
List the prime factors of 6329110.
2, 5, 632911
List the prime factors of 174126.
2, 3, 29021
List the prime factors of 6425133.
3, 11, 13, 17, 881
List the prime factors of 865265.
5, 173053
What are the prime factors of 8075907?
3, 7, 128189
List the prime factors of 10158968.
2, 1269871
List the prime factors of 33207837.
3, 13, 23, 37021
What are the prime factors of 2323489?
7, 37, 8971
List the prime factors of 5145679.
7, 11, 17, 3931
List the prime factors of 13224069.
3, 1469341
What are the prime factors of 232548?
2, 3, 19379
List the prime factors of 2207615.
5, 441523
List the prime factors of 23497053.
3, 19, 23, 17923
List the prime factors of 405862.
2, 202931
What are the prime factors of 4792107?
3, 1597369
List the prime factors of 713589.
3, 31, 7673
What are the prime factors of 282641?
179, 1579
List the prime factors of 306755.
5, 19, 3229
What are the prime factors of 18302178?
2, 3, 3050363
List the prime factors of 870777.
3, 32251
What are the prime factors of 401704?
2, 149, 337
What are the prime factors of 665403?
3, 293, 757
List the prime factors of 2679469.
13, 71, 2903
What are the prime factors of 2316870?
2, 3, 5, 8581
What are the prime factors of 32373?
3, 11, 109
List the prime factors of 4700202.
2, 3, 13, 60259
List the prime factors of 583893.
3, 64877
List the prime factors of 641313.
3, 71257
What are the prime factors of 142941?
3, 29, 31, 53
List the prime factors of 665754.
2, 3, 17, 61, 107
What are the prime factors of 2668476?
2, 3, 67, 3319
What are the prime factors of 12576577?
13, 967429
List the prime factors of 783373.
783373
List the prime factors of 21951.
3, 271
List the prime factors of 1281563.
1281563
What are the prime factors of 79265?
5, 83, 191
What are the prime factors of 1195485?
3, 5, 79699
What are the prime factors of 15990232?
2, 79, 25301
List the prime factors of 31402.
2, 7, 2243
List the prime factors of 18358.
2, 67, 137
What are the prime factors of 1258761?
3, 7, 8563
What are the prime factors of 73018?
2, 11, 3319
List the prime factors of 2792291.
43, 64937
List the prime factors of 502795.
5, 100559
List the prime factors of 215058.
2, 3, 73, 491
What are the prime factors of 1226190?
2, 3, 5, 7, 5839
What are the prime factors of 2984207?
2984207
What are the prime factors of 1383179?
7, 197597
What are the prime factors of 3200425?
5, 313, 409
List the prime factors of 1625274.
2, 3, 7, 12899
List the prime factors of 4287641.
31, 138311
List the prime factors of 667807.
7, 95401
List the prime factors of 341923.
331, 1033
What are the prime factors of 1825136?
2, 37, 3083
What are the prime factors of 18911270?
2, 5, 7, 19, 59, 241
What are the prime factors of 5417642?
2, 2708821
List the prime factors of 3159405.
3, 5, 29, 269
What are the prime factors of 1287470?
2, 5, 128747
What are the prime factors of 1265608?
2, 158201
What are the prime factors of 156655?
5, 17, 19, 97
List the prime factors of 104788.
2, 17, 23, 67
What are the prime factors of 22317962?
2, 11158981
What are the prime factors of 1812795?
3, 5, 17, 7109
What are the prime factors of 8432635?
5, 1686527
List the prime factors of 11288043.
3, 13, 96479
List the prime factors of 169593.
3, 56531
What are the prime factors of 1065345?
3, 5, 71023
List the prime factors of 2017120.
2, 5, 7, 1801
What are the prime factors of 126056?
2, 7, 2251
List the prime factors of 2547821.
2547821
List the prime factors of 855793.
41, 20873
What are the prime factors of 1275085?
5, 7, 17, 2143
What are the prime factors of 4879215?
3, 5, 11, 9857
What are the prime factors of 1629758?
2, 13, 62683
What are the prime factors of 9078924?
2, 3, 139, 5443
What are the prime factors of 23727?
3, 11, 719
List the prime factors of 51795.
3, 5, 1151
What are the prime factors of 6155625?
3, 5, 7, 67
What are the prime factors of 1087050?
2, 3, 5, 7247
What are the prime factors of 330928?
2, 13, 37, 43
What are the prime factors of 44196?
2, 3, 29, 127
What are the prime factors of 5170178?
2, 13, 29, 6857
What are the prime factors of 220886?
2, 179, 617
List the prime factors of 250213.
53, 4721
What are the prime factors of 933481?
29, 32189
What are the prime factors of 8607131?
13, 223, 2969
What are the prime factors of 1536682?
2, 7, 19, 53, 109
What are the prime factors of 375957?
3, 37, 1129
List the prime factors of 9115435.
5, 7, 260441
What are the prime factors of 497063?
7, 17, 4177
List the prime factors of 8539629.
3, 7, 406649
List the prime factors of 1176878.
2, 29, 103, 197
List the prime factors of 144852.
2, 3, 12071
What are the prime factors of 13222686?
2, 3, 1447, 1523
List the prime factors of 8537616.
2, 3, 19763
What are the prime factors of 5266561?
1051, 5011
What are the prime factors of 995139?
3, 36857
What are the prime factors of 57243?
3, 19081
List the prime factors of 14398315.
5, 139, 20717
What are the prime factors of 148278?
2, 3, 13, 1901
List the prime factors of 991855.
5, 163, 1217
What are the prime factors of 2169426?
2, 3, 7, 47, 157
List the prime factors of 4188095.
5, 837619
What are the prime factors of 9887959?
2063, 4793
What are the prime factors of 13431814?
2, 11, 29, 37, 569
What are the prime factors of 739865?
5, 7, 21139
List the prime factors of 952820.
2, 5, 11, 61, 71
List the prime factors of 4268470.
2, 5, 127, 3361
What are the prime factors of 1235459?
1235459
List the prime factors of 305003.
23, 89, 149
List the prime factors of 21214792.
2, 19, 139571
List the prime factors of 1964089.
359, 5471
What are the prime factors of 14818487?
127, 116681
List the prime factors of 48744.
2, 3, 677
List the prime factors of 2133972.
2, 3, 19759
List the prime factors of 7142017.
149, 47933
List the prime factors of 37319.
67, 557
List the prime factors of 1451263.
11, 131933
List the prime factors of 7877332.
2, 149, 13217
List the prime factors of 2307035.
5, 461407
What are the prime factors of 2465322?
2, 3, 251, 1637
List the prime factors of 446596.
2, 311, 359
What are the prime factors of 2224558?
2, 7, 19, 8363
What are the prime factors of 98748?
2, 3, 13, 211
What are the prime factors of 4577616?
2, 3, 83, 383
What are the prime factors of 1524541?
19, 